t r be 2/(-1 - 1) - -14. Let a be 3*(r + (-4 - -3)). What are the prime factors of (1/(-3))/((-6)/a)?
2
Suppose -8 = 25*g - 27*g. Let l be (-2 - (-2 + 1)) + 81. Suppose -m - 4*x + l = x, 5*m + g*x = 358. List the prime factors of m.
2, 5, 7
Suppose -4*s + 125 = -23. Let x = s - 18. List the prime factors of x.
19
List the prime factors of (-10)/(-1) + 375 + 24.
409
Let t(b) be the third derivative of b**5/6 + b**3/6 - 8*b**2. Suppose 0 = -3*k + 6. List the prime factors of t(k).
41
Suppose 11*d - 9*d = 5*u + 1633, 815 = d - u. What are the prime factors of d?
2, 11, 37
Suppose 16*j = 13*j - 15, 3*x = 3*j + 3705. What are the prime factors of x?
2, 3, 5, 41
Let m(f) = f**3 + 2*f + 3. Let r be m(0). Suppose -2*d = -r*x + 319, 2*d = x - 45 - 64. What are the prime factors of x?
3, 5, 7
Let p be (72/60)/((-4)/(-10)). Let v(s) = -2*s + 1. Let y be v(p). Let i(j) = j**2 - j - 6. What are the prime factors of i(y)?
2, 3
Suppose -770 = 24*y - 35*y. What are the prime factors of y?
2, 5, 7
Let v(i) = -i**3 - 8*i**2 - 17*i + 2. Let a be v(-5). List the prime factors of 2/a - 195/(-18).
11
List the prime factors of (12/(-10))/(405/(-1077975)).
2, 1597
Let a be 546/2 + (-1 - 0/3). Suppose -5*j = 0, 2*q - a - 94 = 4*j. What are the prime factors of q?
3, 61
Let i(n) = 12*n**2 - 3*n - 20. What are the prime factors of i(4)?
2, 5
Let k(j) = -84*j - 51. What are the prime factors of k(-4)?
3, 5, 19
Let k(c) = -5*c**2 - 3. Let y(q) = -2*q**2 - 1. Suppose -w + 18 = w - 2*b, -5*w + b + 25 = 0. Let v(m) = w*k(m) - 11*y(m). What are the prime factors of v(5)?
7
Let q = 83 + -19. List the prime factors of q.
2
List the prime factors of (1 + (-69)/(-4))*(-11 + 31).
5, 73
Let h(u) = -2*u**3 + 11*u**2 + 13*u + 55. What are the prime factors of h(-7)?
29, 41
Suppose -5*s + q = -9436, 5659 = -3*s + 6*s + 2*q. What are the prime factors of s?
3, 17, 37
Suppose 0 = -5*p - 4*u + 1740, 0 = 2*p + 2*p + 3*u - 1392. What are the prime factors of p?
2, 3, 29
What are the prime factors of (-25*(-2)/(-4))/(58/(-4524))?
3, 5, 13
Let u(i) = 3*i**2 - 41*i + 4*i**2 + 11 - 4*i**2 - 6. What are the prime factors of u(17)?
5, 7
Let g = -168 - -242. Suppose -3*x + 5*x - g = 0. List the prime factors of x.
37
What are the prime factors of 698 + 17 - (7 - 3)?
3, 79
Let v be 60/105 - (-48)/14. Let f(j) = -j**3 + 7*j**2 + j + 5. What are the prime factors of f(v)?
3, 19
What are the prime factors of -2 - -1213 - 0/((-10)/(-10))?
7, 173
Suppose j - 3*j + 606 = 0. Suppose -3*x + j = -201. List the prime factors of x.
2, 3, 7
Let p(s) be the second derivative of -1/4*s**4 + 3*s**2 + 1/20*s**5 + 0 - 4*s - 2/3*s**3. List the prime factors of p(5).
2, 3
Suppose 32749 + 54168 = 23*b. List the prime factors of b.
3779
List the prime factors of 274 + 0/(-2) - (-38 + 39).
3, 7, 13
Let w(s) = 263*s**3 + 5*s - 8. What are the prime factors of w(2)?
2, 3, 13
Let b(r) = -5*r**3 - 2. Let l be b(-2). Let u = l + -18. What are the prime factors of u?
2, 5
Let z be ((-8)/36 + 494/(-45))*5. Let s = 159 + z. What are the prime factors of s?
103
Suppose -2*b = -0*b - 5*o + 131, -140 = 2*b - 2*o. Let t = -44 - b. What are the prime factors of t?
29
Let r = 14 + 9. Let c = -18 + r. Let q = 14 + c. What are the prime factors of q?
19
Let g(v) = -9*v - 2. Let r(w) = -5*w + 10. Let k be r(4). Let a be ((-8)/k)/(6/(-15)). List the prime factors of g(a).
2
List the prime factors of -7 + 0 - (-696 - -4).
5, 137
Suppose x + 7*x - 2104 = 0. What are the prime factors of x?
263
Suppose 0 = 3*z + 6, -8*w - z = -11*w + 3182. What are the prime factors of w?
2, 5, 53
Suppose -k + 2*g = 6*g - 26, -2*g + 2 = 0. What are the prime factors of k*(14/(-16))/(3/(-12))?
7, 11
Let l be 3*1 - (-6 - -9). Suppose 0 = j - l*v + 2*v + 6, j - 24 = 4*v. Suppose -103 = -4*x + 5*f - 0*f, 5*x - 131 = j*f. List the prime factors of x.
3
Let w(s) be the third derivative of 0 - 1/6*s**4 + 0*s - 5/6*s**3 + 3*s**2 + 1/60*s**5. List the prime factors of w(7).
2
Let d(s) = -13*s**3 - 2*s**2 - 4*s + 5. What are the prime factors of d(-5)?
2, 5
Let m(b) = 6*b**3 - 2*b**2 + 1. Let h(i) = -i**2 - 14*i + 1. Suppose -c + 2*l = c + 26, 0 = -l - 1. Let y be h(c). What are the prime factors of m(y)?
5
Suppose 17*i + 36715 - 122718 = 0. List the prime factors of i.
5059
Suppose 35830 = 44*g - 40774. What are the prime factors of g?
1741
Let d be 72*(-4)/6*-2. Suppose 2*n = -t + 34, 0*n - 2*n - d = -4*t. Suppose 2*a - f = -3*f + t, 2*a - 4*f = 14. List the prime factors of a.
11
Suppose -5*o + 2475 = 2*j - 0*j, 0 = o + 5. Suppose 3*k = -7*k + j. What are the prime factors of k?
5
Suppose -4*l + 345 = -l. Suppose -2*m + l = -33. What are the prime factors of m?
2, 37
Suppose 4*m - 2*k - 6692 = 0, -4*m + 6682 = -0*k + 3*k. List the prime factors of m.
2, 11, 19
Suppose -4*s - 57 + 5 = 0. Let q(r) = r**2 + 9*r - 15. Let z be q(s). Let p = z + -2. List the prime factors of p.
5, 7
Let o(f) = 156*f**2. Suppose 1 - 2 = -m. What are the prime factors of o(m)?
2, 3, 13
Suppose 0 = -3*q + 66*x - 65*x + 7310, 2*q + 3*x = 4877. List the prime factors of q.
2437
Let q = -14 - -14. Suppose q = 2*k - f - 9, -k - 11 = -5*k - 5*f. Suppose 14 = 2*g - k*i - 28, i = 5. What are the prime factors of g?
31
Let v = 98 + 162. What are the prime factors of v?
2, 5, 13
Suppose k - 5*u + 14 = 0, -4*k = -3*k - 4*u + 10. Suppose -k*o + 16 = -5*o. List the prime factors of o/12*(-6)/(-4).
2
Suppose 2*w + 3*w = -25. Let d(c) = c**2 + 22. Let o(h) = 11. Let f(y) = 2*d(y) - 5*o(y). What are the prime factors of f(w)?
3, 13
Suppose 3771 = 16*j - 1989. What are the prime factors of j?
2, 3, 5
Suppose k + k = -12. Let a(g) be the second derivative of g**5/20 + g**4/2 - g**3/3 - 7*g**2/2 + 27*g + 1. List the prime factors of a(k).
5
Let h = 352 + -205. Suppose -142*s - 185 = -h*s. What are the prime factors of s?
37
Let y be 0/(10/(-15)*3*-1). What are the prime factors of (y - (0 + -111)) + 2?
113
Let v(j) = -69*j - 451. List the prime factors of v(-43).
2, 17, 37
Let c = 3258 + -1343. List the prime factors of c.
5, 383
Let i(l) = -l**2 + 5*l + 8. Let u be i(6). Let s be 9 + (u/(-2))/(-1). Suppose s*t - 34 = 8*t. What are the prime factors of t?
17
Let y(d) be the third derivative of -d**4/12 + 5*d**3/3 + 23*d**2. What are the prime factors of y(-5)?
2, 5
Suppose 5*g - j = 7419 - 871, 0 = 5*j - 10. List the prime factors of g.
2, 5, 131
Suppose 3*n - 31 - 402 = i, 0 = -2*i + 10. Let u = 406 - n. What are the prime factors of u?
2, 5, 13
Suppose 15 = -5*s, -b + 5*s + 13 + 36 = 0. Let z = -32 + b. Suppose 0 = p - 2*p - z*x + 24, -5*x = 5*p - 120. List the prime factors of p.
2, 3
Let i(b) = 4*b**2 - 4*b + 7. Let a be -1 - (-4 + -22)/1. Let n = -21 + a. What are the prime factors of i(n)?
5, 11
Let a be (1/(-1))/((-3)/57). Let i = 59 - a. Let u = 75 - i. What are the prime factors of u?
5, 7
Suppose h + 2*h = -5*b - 19, -5*h + 25 = -3*b. Let z(m) = m + 16 + 4*m**2 + h + 8 - 3*m**2. What are the prime factors of z(0)?
2, 13
Let h(z) = -z**2 + 3*z. Let k(d) = -d**2 + 2*d - 1. Let s(w) = -3*h(w) + 2*k(w). What are the prime factors of s(-7)?
2, 41
Suppose 4*p - 4*b + 47 = -81, -2*p = -b + 65. Let j = 130 + p. List the prime factors of j.
97
Suppose 3*l - 3*y + y = 0, 5*l - 22 = -4*y. Suppose -5*w = -5*o + 10, -2*o = 3*o - l*w - 7. List the prime factors of o*(3*32)/3.
2
Suppose d - 342 = -4*b, 4*b - 354 = -2*d + 7*d. Suppose -4*q - 3*u + 78 = 0, -4*q + 2*u - u = -b. List the prime factors of 4*6/9*q.
2, 7
Let o(q) = q**2 + 25*q + 33. List the prime factors of o(-28).
3, 13
Suppose -3*r + 0*o + o + 19 = 0, -5*o = 3*r + 5. Suppose r*f = -2*f - 28. Let a(p) = -13*p + 2. List the prime factors of a(f).
2, 3
Let h be 8/(-3)*18/(-12). Suppose l + 3*s = 2*s + 4, 0 = 3*l - h*s + 2. Suppose 0 = -3*c + 3*a + 75, -3*a + 23 = l*c - 2. List the prime factors of c.
2, 5
Let j = -775 + 1405. List the prime factors of j.
2, 3, 5, 7
Let y = 5 + -32. Suppose -3 = -p - 7, 0 = -2*k - p - 130. Let c = y - k. What are the prime factors of c?
2, 3
Suppose 16 + 104 = 5*w. Let k = -22 + w. Suppose -4*y + 1 = -b - 1, k*b = -5*y + 9. What are the prime factors of b?
2
Let b be 169 + 2/(-2 + 1). Suppose -5*s - 47 = -b. What are the prime factors of s?
2, 3
Let t be ((-15)/(-12))/5*8. Suppose -x = -1, -4*m + t*m - 5 = -5*x. 